et n = 30 + x. List the prime factors of n.
2, 7
Let v(g) = -7*g**3 - 9*g**2 - 7*g + 1. Let r(k) = 10*k**3 + 13*k**2 + 10*k - 1. Let h(a) = -5*r(a) - 7*v(a). Let j = -4 + 1. What are the prime factors of h(j)?
2, 5
Suppose -16*c - 478 = -3774. List the prime factors of c.
2, 103
Suppose 3*j + 15 = 4*j. Let c(d) = -d**3 - 8*d**2 + 10. Let s be c(-8). What are the prime factors of j/25 + 54/s?
2, 3
Let v = -26 + 14. List the prime factors of (-20)/v*(-9)/(-1).
3, 5
Suppose 0 = 10*l - 5*l + 350. List the prime factors of (-4)/(-14) - 2080/l.
2, 3, 5
Let i be -3 + (-12)/3*-1. Let u = 2 + i. What are the prime factors of u?
3
Let t = -11 - -16. Suppose -145 = -5*a - 5*v, 4*v + 64 + 108 = t*a. What are the prime factors of a?
2
Let j(x) = -x + 18. What are the prime factors of j(0)?
2, 3
Let h be 1/((-1)/(-105) - 0). Let v(z) = 4*z - 10. Let y be v(5). What are the prime factors of h/y - 1/(-2)?
11
List the prime factors of (-1)/2 - 486/(-4).
11
Suppose 71 = 4*y - 37. Suppose -3*a = 3*c - 63, -2*a = 5*c - y - 12. List the prime factors of a.
2, 11
Suppose -4*y + 21 = -3*v - 138, 207 = 5*y - v. What are the prime factors of y?
2, 3, 7
Suppose 2*l + 15 = -5. Let s = -5 - l. Suppose 0*p + s*r = 2*p - 29, r = 5*p - 84. What are the prime factors of p?
17
Suppose 0 = -a + 5*a + 4*u + 32, -2*a - 21 = 3*u. Let b = a + 17. List the prime factors of b.
2, 7
Let b be ((-72)/(-15))/(6/(-30)). What are the prime factors of (33/4)/((-9)/b)?
2, 11
Suppose 5 = 4*l - 3. Suppose y = -k + 7, k + l*y + 0*y = 8. What are the prime factors of k?
2, 3
Suppose 5*l - 60 = 2*l. Suppose -d = -2*d - l. List the prime factors of 8/(-6)*(5 + d).
2, 5
Suppose 5*v + 126 = 4*l - 0*l, -v = 5*l - 143. Let y = l - 15. Suppose -y = -b - 3. What are the prime factors of b?
11
Let u(f) = f**3 - 11*f**2 + 11*f - 3. Suppose -2*q + 2*y + 32 = q, -4*q = y - 39. What are the prime factors of u(q)?
7
Let n = 167 + -37. List the prime factors of n.
2, 5, 13
Let p(x) = -x**2 - x + 55. Let d be p(0). Suppose 5*n - d = -0*n. What are the prime factors of n?
11
Let j(a) = 3*a - 6. Let w be j(12). Let x = w + -10. List the prime factors of x.
2, 5
Let g(r) = 2*r + 4. Let k be g(-4). Suppose 3*m - 2*m - 14 = 0. What are the prime factors of (-148)/(-28) + k/m?
5
Let k be 1*-2 - (-3 - 1). Let l(y) = 3 - 6 - 12*y**2 - 7*y - y**3 + 17*y + 2*y**k. What are the prime factors of l(-11)?
2
List the prime factors of 2/8 + (-332)/(-16).
3, 7
Suppose -2*b = -5*b. Suppose b = -y - y + 12. Suppose r = -r + y. What are the prime factors of r?
3
Let b(d) = -d**2 - 7*d - 6. What are the prime factors of b(-4)?
2, 3
Suppose -6*x = -7*x - 4. Let u(i) = -2*i**2 - 6*i - 6. Let m be u(x). List the prime factors of 2/(-3)*105/m.
5
List the prime factors of (-780)/(-40)*4/6.
13
Suppose 5*f - 2*u = 120, -32 = -f + u + u. List the prime factors of f.
2, 11
Suppose -3*i + 140 = -2*z, -26 = -5*i + 2*z + 214. List the prime factors of i.
2, 5
Let m = -454 - -787. List the prime factors of m.
3, 37
Let j = 23 - -2. List the prime factors of j.
5
Let w = 1 + -2. Let q(o) = -o**3 + 5*o**2 - 5*o + 6. Let y be q(4). What are the prime factors of 3/((y/(-4))/w)?
2, 3
Let h(l) = 3*l - 7. Let z be h(5). List the prime factors of -2*2/z*-6.
3
Let w = 0 - -5. Let t be (4/w)/((-2)/(-85)). Suppose 0 = -5*b + t + 6. List the prime factors of b.
2
Suppose -2*b - 6 = -0*k - 3*k, 0 = k + 3*b + 9. List the prime factors of 3 + k + (24 - -1).
2, 7
Let s be 8/(-5) - (-16)/(-40). Let c = s - -4. List the prime factors of c.
2
What are the prime factors of (-22)/(-33) + (-379)/(-3)?
127
Let w = -39 + 6. Let u = 12 - w. List the prime factors of u.
3, 5
Let o(u) = -5*u - 15. What are the prime factors of o(-6)?
3, 5
List the prime factors of (220/12 + 3)*(8 + -2).
2
Let n(g) = 6*g**2 - 1. Let i be n(-1). Let l(m) = m**3 - 3*m**2 - 6*m + 2. Let y be l(i). Suppose -y = -4*s - 5*d + 14, 0 = -4*d. List the prime factors of s.
3
Let r = 96 - 56. Let l = r - 19. What are the prime factors of l?
3, 7
Let b(m) = 3*m. Let g be b(2). Suppose -10 = -4*r + n + n, 4*r + 4*n = 4. Suppose -3*k - 4*a = -15, -r*a = g*k - 4*k - 10. What are the prime factors of k?
5
Suppose 0 = k - 0*k + 1. Let q = k - -6. Suppose 33 + 17 = q*d. What are the prime factors of d?
2, 5
Let y(w) = -w**3 - 4*w**2 + 2*w - 2. Let k be y(-4). Let x = k + 4. List the prime factors of (1 + -4)/(2/x).
3
Suppose 3*i - a - 247 = -5*a, 4*i - 328 = -4*a. List the prime factors of i.
3
Suppose 0 = 2*j + 2*j - 8. Suppose -58 - 32 = -5*m + 2*q, 2*m + j*q - 22 = 0. Let g = -10 + m. List the prime factors of g.
2, 3
Suppose -30 = -2*p - 2*y, -5*p + 3*y - 7 = -42. Suppose -4*j + 2*n - p = -7*j, -j = 2*n + 2. What are the prime factors of j?
2, 3
Suppose 0*v - 130 = -5*v. Suppose 40 = 4*b - 24. Let z = v - b. List the prime factors of z.
2, 5
Suppose -5*z + y + 173 = -740, z = 2*y + 188. Suppose z = 4*o + 10. What are the prime factors of o?
43
Suppose -5*j - 14 = -129. List the prime factors of j.
23
List the prime factors of 246/5 + (-2)/10.
7
Let m = -1 + 5. Let d(w) = 12*w + 13. Let a(z) = -3*z - 3. Let s(l) = -9*a(l) - 2*d(l). What are the prime factors of s(m)?
13
Let y be 4/10 - (-24)/15. Let b be 5 - ((-2)/y - -2). Suppose b = 5*v - 56. List the prime factors of v.
2, 3
Let l = 115 + -37. List the prime factors of l.
2, 3, 13
Let u(l) = 3*l + 0*l**2 - 7 - 4 + l**2 + 5. List the prime factors of u(5).
2, 17
Let b = -26 + 28. What are the prime factors of (b/(-4))/(7/(-224))?
2
Suppose 4*k = -2*c + k + 51, -3*c - 2*k + 69 = 0. Suppose -4*y - u = y - c, 3*y - 5*u - 7 = 0. List the prime factors of y.
2
Let d = 1 - -2. Suppose -d*w - 6 = -w. Let f = w - -8. List the prime factors of f.
5
Let d(q) be the third derivative of 0*q + 0 - 1/2*q**3 + 3*q**2 + 1/24*q**4. What are the prime factors of d(5)?
2
Let o(n) = -25*n**3 - 2*n**2 - n. Let f be o(-1). Let u(h) = h + 4. Let k be u(6). Suppose -3*l + 2*s = -f, 5*s - 15 = -l + k. What are the prime factors of l?
2, 5
Let x(w) = -9*w - 45. List the prime factors of x(-14).
3
What are the prime factors of -3 - (-15)/6*26?
2, 31
Suppose 6*l - 3*l - 256 = g, 2*l = 3*g + 159. What are the prime factors of (-3)/(1 - l/78)?
2, 13
Suppose 11 = -o + 5*a, -4*a + 12 = -4*o - 0*a. Let g be o + 2 - (9 + -2). What are the prime factors of (-40)/g - 7/(-21)?
7
Let h = -22 + 32. Let u be 322/h - 3/15. Suppose 2*p + 2*p = -3*x + 25, 3*x = -5*p + u. List the prime factors of p.
7
Let g = 4 - 7. Let i be g/6 - (-1)/2. Suppose 3*z + 2*d = 70, -4*d = -8 - i. List the prime factors of z.
2, 11
Let g(b) = b + 18. Let u be g(-6). Let n = u + -6. What are the prime factors of n?
2, 3
Let x = -9 + 5. What are the prime factors of 6/x*198/(-27)?
11
Suppose 327 = 3*g - 8*f + 3*f, 0 = 5*g + 4*f - 545. List the prime factors of g.
109
Suppose -4*w = -6 - 10. Suppose -w = -4*k, 3*d = 7*d - 5*k - 31. List the prime factors of d.
3
Let n(f) = f + 13. Let d be n(-9). Suppose 1 - d = -g. Suppose s = -2*v + 18, -g*s - 26 = -2*v - 2*s. List the prime factors of v.
11
Let o = 0 - -4. Suppose 48 = -b + o*b. List the prime factors of b.
2
Let y(a) = -2 + 5 - 3 + a. List the prime factors of y(5).
5
Let j(p) = -p**2 + 5*p + 2. Let q be j(4). Suppose -3*n = q, -5*d = 2*n - 35 - 21. List the prime factors of d.
2, 3
Let j(g) = -2*g - 2. Suppose 45 = -7*n + 2*n. What are the prime factors of j(n)?
2
Suppose -4*b + q = -249, 7*b - 2*b - 312 = 2*q. Suppose -2*h - 2*p + 5*p + b = 0, p - 46 = -2*h. List the prime factors of h.
5
Let r(o) be the second derivative of 0 + o + 13/2*o**2 - 1/6*o**3. What are the prime factors of r(0)?
13
Let i(q) = -39*q**3. What are the prime factors of i(-1)?
3, 13
Suppose -2*g - 416 + 21 = -5*b, 5*b - g = 395. List the prime factors of b.
79
Suppose 84 = 4*k - 32. Let t(g) = 4*g**2 + 2*g - 1. Let h be t(1). Suppose -17 = -3*v - h*j, -k + 10 = -5*v + j. What are the prime factors of v?
2
Let h(u) = u**2 + 16*u + 18. Let f be h(-15). Suppose 0 = -t - f*s + 2*s + 23, -t + 8 = -2*s. What are the prime factors of t?
2, 3
Let q(j) = -5*j + 1. Suppose c = -4*c - 5. List the prime factors of q(c).
2, 3
Let b(q) be the third derivative of q**2 - 1/60*q**5 - 3/2*q**3 + 1/3*q**4 + 0*q + 0. List the prime factors of b(6).
3
Let z(b) be the second derivative of -b**5/20 - b**4/